{"id":680,"date":"2024-03-15T13:24:18","date_gmt":"2024-03-15T12:24:18","guid":{"rendered":"https:\/\/www.lsp.es\/vitolamin\/?page_id=680"},"modified":"2024-03-15T13:59:28","modified_gmt":"2024-03-15T12:59:28","slug":"blog-sueno","status":"publish","type":"page","link":"https:\/\/www.lsp.es\/vitolamin\/blog-sueno\/","title":{"rendered":"BLOG &#8211; SUE\u00d1O"},"content":{"rendered":"<p>[et_pb_section fb_built=\u00bb1&#8243; _builder_version=\u00bb4.24.0&#8243; _module_preset=\u00bbdefault\u00bb global_colors_info=\u00bb{}\u00bb][et_pb_row _builder_version=\u00bb4.24.0&#8243; _module_preset=\u00bbdefault\u00bb min_height=\u00bb457.4px\u00bb custom_padding=\u00bb||0px|||\u00bb global_colors_info=\u00bb{}\u00bb][et_pb_column type=\u00bb4_4&#8243; _builder_version=\u00bb4.24.0&#8243; _module_preset=\u00bbdefault\u00bb global_colors_info=\u00bb{}\u00bb][et_pb_slider _builder_version=\u00bb4.24.0&#8243; _module_preset=\u00bbdefault\u00bb background_image=\u00bbhttps:\/\/www.lsp.es\/vitolamin\/wp-content\/uploads\/2024\/01\/SUENO-Y-DESCANSO.png\u00bb background_position=\u00bbcenter_right\u00bb background_horizontal_offset=\u00bb100%\u00bb min_height=\u00bb457.4px\u00bb custom_margin=\u00bb||115px|||\u00bb custom_padding=\u00bb1px|||||\u00bb global_colors_info=\u00bb{}\u00bb][et_pb_slide heading=\u00bbDormir un placer necesario\u00bb button_text=\u00bbClics\u00bb _builder_version=\u00bb4.24.0&#8243; _module_preset=\u00bbdefault\u00bb global_colors_info=\u00bb{}\u00bb sticky_transition=\u00bbon\u00bb]<\/p>\n<p><span>El sue\u00f1o permite que nuestro cuerpo se relaje, revitalice y reponga. Ayuda a que el sistema inmunitario funcione mejor, y\u00a0 hace que nos mantengamos mentalmente alerta. Los adultos suelen necesitar 7 horas de sue\u00f1o cada noche.<\/span><\/p>\n<p>[\/et_pb_slide][et_pb_slide heading=\u00bbMelatonina\u00bb button_text=\u00bbClics\u00bb _builder_version=\u00bb4.24.0&#8243; _module_preset=\u00bbdefault\u00bb hover_enabled=\u00bb0&#8243; global_colors_info=\u00bb{}\u00bb sticky_transition=\u00bbon\u00bb sticky_enabled=\u00bb0&#8243;]<\/p>\n<p>La melatonina es un suplemento natural puro para dormir y evitar el insomnio. Tomando la dosis diaria recomendada conseguir\u00e1s un sue\u00f1o profundo y un descanso prolongado.<\/p>\n<p>[\/et_pb_slide][\/et_pb_slider][\/et_pb_column][\/et_pb_row][et_pb_row column_structure=\u00bb1_3,2_3&#8243; _builder_version=\u00bb4.24.0&#8243; _module_preset=\u00bbdefault\u00bb min_height=\u00bb143px\u00bb custom_margin=\u00bb1px|auto||auto||\u00bb custom_padding=\u00bb0px|||||\u00bb global_colors_info=\u00bb{}\u00bb][et_pb_column type=\u00bb1_3&#8243; _builder_version=\u00bb4.24.0&#8243; _module_preset=\u00bbdefault\u00bb global_colors_info=\u00bb{}\u00bb][et_pb_image src=\u00bbhttps:\/\/www.lsp.es\/vitolamin\/wp-content\/uploads\/2024\/01\/B0B599BSRK.MAIN_.jpg\u00bb title_text=\u00bbB0B599BSRK.MAIN\u00bb force_fullwidth=\u00bbon\u00bb _builder_version=\u00bb4.24.0&#8243; _module_preset=\u00bbdefault\u00bb global_colors_info=\u00bb{}\u00bb][\/et_pb_image][\/et_pb_column][et_pb_column type=\u00bb2_3&#8243; _builder_version=\u00bb4.24.0&#8243; _module_preset=\u00bbdefault\u00bb global_colors_info=\u00bb{}\u00bb][et_pb_text _builder_version=\u00bb4.24.0&#8243; _module_preset=\u00bbdefault\u00bb global_colors_info=\u00bb{}\u00bb]<\/p>\n<p style=\"text-align: justify;\"><strong>Por qu\u00e9 hay que descansar bien durante la noche<\/strong><\/p>\n<p style=\"text-align: justify;\">Tenemos demasiadas exigencias en cuanto a nuestro tiempo (trabajo, familia, actividades), sin contar que queremos encontrar tiempo para relajarnos. Para que todo encaje, a veces sacrificamos el sue\u00f1o. Sin embargo, el sue\u00f1o afecta tanto la salud f\u00edsica como la mental. Dormir es fundamental para nuestro bienestar.<\/p>\n<p style=\"text-align: justify;\">Por supuesto que dormir hace que uno se sienta descansado todos los d\u00edas. Sin embargo, mientras uno duerme, no solamente la mente y el cuerpo se apagan. Durante la noche, los \u00f3rganos y los procesos internos trabajan arduamente.<\/p>\n<p style=\"text-align: justify;\">\u00abEl dormir mantiene todos los aspectos del cuerpo de una forma u otra: el equilibrio energ\u00e9tico y molecular, as\u00ed como tambi\u00e9n la funci\u00f3n intelectual, el estado de alerta y el humor\u00bb, explica el Dr. Merrill Mitler, experto en sue\u00f1o y neurocient\u00edfico del NIH.<\/p>\n<p style=\"text-align: justify;\">Cuando uno est\u00e1 cansado no tiene el mejor rendimiento posible. El dormir ayuda a pensar con m\u00e1s claridad, a tener mejores reflejos y a concentrarse mejor. \u00abLa realidad es que cuando observamos a alguien que ha descansado bien, esa persona est\u00e1 operando a un nivel distinto que quienes intentan seguir con una o dos horas de sue\u00f1o por noche\u00bb, cuenta Miller.<\/p>\n<p style=\"text-align: justify;\">\u00abLa p\u00e9rdida de sue\u00f1o da\u00f1a los niveles superiores de razonamiento, resoluci\u00f3n de problemas y atenci\u00f3n a los detalles\u00bb, explica Miller. Las personas que est\u00e1n cansadas tienden a ser menos productivas en el trabajo. La falta de sue\u00f1o tambi\u00e9n influye sobre el humor, que puede afectar la manera en que uno interact\u00faa con otros. El d\u00e9ficit de sue\u00f1o puede incrementar el riesgo de sufrir un accidente de tr\u00e1fico y con el paso del tiempo, incluso de sufrir depresi\u00f3n.<\/p>\n<p style=\"text-align: justify;\"><span>Entre los tratamientos m\u00e1s comunes se encuentran la relajaci\u00f3n y las t\u00e9cnicas de respiraci\u00f3n profunda. A veces se puede tomar alg\u00fan suplemento natural, y debe consultar con un m\u00e9dico antes de probar con alg\u00fan somn\u00edfero de venta libre, ya que es posible que este tipo de f\u00e1rmacos lo dejen poco revitalizado por la ma\u00f1ana.<\/span><\/p>\n<p style=\"text-align: justify;\">\n<p style=\"text-align: justify;\"><strong><\/strong><\/p>\n<p>[\/et_pb_text][\/et_pb_column][\/et_pb_row][\/et_pb_section]<\/p>\n","protected":false},"excerpt":{"rendered":"<p>El sue\u00f1o permite que nuestro cuerpo se relaje, revitalice y reponga. Ayuda a que el sistema inmunitario funcione mejor, y\u00a0 hace que nos mantengamos mentalmente alerta. Los adultos suelen necesitar 7 horas de sue\u00f1o cada noche.La melatonina es un suplemento natural puro para dormir y evitar el insomnio. Tomando la dosis diaria recomendada conseguir\u00e1s un [&hellip;]<\/p>\n","protected":false},"author":1,"featured_media":0,"parent":0,"menu_order":0,"comment_status":"closed","ping_status":"closed","template":"","meta":{"_et_pb_use_builder":"on","_et_pb_old_content":"","_et_gb_content_width":"","footnotes":""},"class_list":["post-680","page","type-page","status-publish","hentry"],"yoast_head":"<!-- This site is optimized with the Yoast SEO plugin v27.5 - https:\/\/yoast.com\/product\/yoast-seo-wordpress\/ -->\n<title>BLOG - SUE\u00d1O - Laboratorios Serra P\u00e0mies<\/title>\n<meta name=\"description\" content=\"blog para combatir el insomnio, conciliar r\u00e1pidamente el sue\u00f1o y poder dormir las horas necesarias para descansar todos los d\u00edas del a\u00f1o\" \/>\n<meta name=\"robots\" content=\"index, follow, max-snippet:-1, max-image-preview:large, max-video-preview:-1\" \/>\n<link rel=\"canonical\" href=\"https:\/\/www.lsp.es\/vitolamin\/blog-sueno\/\" \/>\n<meta property=\"og:locale\" content=\"es_ES\" \/>\n<meta property=\"og:type\" content=\"article\" \/>\n<meta property=\"og:title\" content=\"BLOG - SUE\u00d1O - Laboratorios Serra P\u00e0mies\" \/>\n<meta property=\"og:description\" content=\"blog para combatir el insomnio, conciliar r\u00e1pidamente el sue\u00f1o y poder dormir las horas necesarias para descansar todos los d\u00edas del a\u00f1o\" \/>\n<meta property=\"og:url\" content=\"https:\/\/www.lsp.es\/vitolamin\/blog-sueno\/\" \/>\n<meta property=\"og:site_name\" content=\"Laboratorios Serra P\u00e0mies\" \/>\n<meta property=\"article:modified_time\" content=\"2024-03-15T12:59:28+00:00\" \/>\n<meta name=\"twitter:card\" content=\"summary_large_image\" \/>\n<meta name=\"twitter:label1\" content=\"Tiempo de lectura\" \/>\n\t<meta name=\"twitter:data1\" content=\"2 minutos\" \/>\n<script type=\"application\/ld+json\" class=\"yoast-schema-graph\">{\"@context\":\"https:\\\/\\\/schema.org\",\"@graph\":[{\"@type\":\"WebPage\",\"@id\":\"https:\\\/\\\/www.lsp.es\\\/vitolamin\\\/blog-sueno\\\/\",\"url\":\"https:\\\/\\\/www.lsp.es\\\/vitolamin\\\/blog-sueno\\\/\",\"name\":\"BLOG - SUE\u00d1O - Laboratorios Serra P\u00e0mies\",\"isPartOf\":{\"@id\":\"https:\\\/\\\/www.lsp.es\\\/vitolamin\\\/#website\"},\"datePublished\":\"2024-03-15T12:24:18+00:00\",\"dateModified\":\"2024-03-15T12:59:28+00:00\",\"description\":\"blog para combatir el insomnio, conciliar r\u00e1pidamente el sue\u00f1o y poder dormir las horas necesarias para descansar todos los d\u00edas del a\u00f1o\",\"breadcrumb\":{\"@id\":\"https:\\\/\\\/www.lsp.es\\\/vitolamin\\\/blog-sueno\\\/#breadcrumb\"},\"inLanguage\":\"es\",\"potentialAction\":[{\"@type\":\"ReadAction\",\"target\":[\"https:\\\/\\\/www.lsp.es\\\/vitolamin\\\/blog-sueno\\\/\"]}]},{\"@type\":\"BreadcrumbList\",\"@id\":\"https:\\\/\\\/www.lsp.es\\\/vitolamin\\\/blog-sueno\\\/#breadcrumb\",\"itemListElement\":[{\"@type\":\"ListItem\",\"position\":1,\"name\":\"Portada\",\"item\":\"https:\\\/\\\/www.lsp.es\\\/vitolamin\\\/\"},{\"@type\":\"ListItem\",\"position\":2,\"name\":\"BLOG &#8211; SUE\u00d1O\"}]},{\"@type\":\"WebSite\",\"@id\":\"https:\\\/\\\/www.lsp.es\\\/vitolamin\\\/#website\",\"url\":\"https:\\\/\\\/www.lsp.es\\\/vitolamin\\\/\",\"name\":\"Laboratorios Serra P\u00e0mies\",\"description\":\"\",\"potentialAction\":[{\"@type\":\"SearchAction\",\"target\":{\"@type\":\"EntryPoint\",\"urlTemplate\":\"https:\\\/\\\/www.lsp.es\\\/vitolamin\\\/?s={search_term_string}\"},\"query-input\":{\"@type\":\"PropertyValueSpecification\",\"valueRequired\":true,\"valueName\":\"search_term_string\"}}],\"inLanguage\":\"es\"}]}<\/script>\n<!-- \/ Yoast SEO plugin. -->","yoast_head_json":{"title":"BLOG - SUE\u00d1O - Laboratorios Serra P\u00e0mies","description":"blog para combatir el insomnio, conciliar r\u00e1pidamente el sue\u00f1o y poder dormir las horas necesarias para descansar todos los d\u00edas del a\u00f1o","robots":{"index":"index","follow":"follow","max-snippet":"max-snippet:-1","max-image-preview":"max-image-preview:large","max-video-preview":"max-video-preview:-1"},"canonical":"https:\/\/www.lsp.es\/vitolamin\/blog-sueno\/","og_locale":"es_ES","og_type":"article","og_title":"BLOG - SUE\u00d1O - Laboratorios Serra P\u00e0mies","og_description":"blog para combatir el insomnio, conciliar r\u00e1pidamente el sue\u00f1o y poder dormir las horas necesarias para descansar todos los d\u00edas del a\u00f1o","og_url":"https:\/\/www.lsp.es\/vitolamin\/blog-sueno\/","og_site_name":"Laboratorios Serra P\u00e0mies","article_modified_time":"2024-03-15T12:59:28+00:00","twitter_card":"summary_large_image","twitter_misc":{"Tiempo de lectura":"2 minutos"},"schema":{"@context":"https:\/\/schema.org","@graph":[{"@type":"WebPage","@id":"https:\/\/www.lsp.es\/vitolamin\/blog-sueno\/","url":"https:\/\/www.lsp.es\/vitolamin\/blog-sueno\/","name":"BLOG - SUE\u00d1O - Laboratorios Serra P\u00e0mies","isPartOf":{"@id":"https:\/\/www.lsp.es\/vitolamin\/#website"},"datePublished":"2024-03-15T12:24:18+00:00","dateModified":"2024-03-15T12:59:28+00:00","description":"blog para combatir el insomnio, conciliar r\u00e1pidamente el sue\u00f1o y poder dormir las horas necesarias para descansar todos los d\u00edas del a\u00f1o","breadcrumb":{"@id":"https:\/\/www.lsp.es\/vitolamin\/blog-sueno\/#breadcrumb"},"inLanguage":"es","potentialAction":[{"@type":"ReadAction","target":["https:\/\/www.lsp.es\/vitolamin\/blog-sueno\/"]}]},{"@type":"BreadcrumbList","@id":"https:\/\/www.lsp.es\/vitolamin\/blog-sueno\/#breadcrumb","itemListElement":[{"@type":"ListItem","position":1,"name":"Portada","item":"https:\/\/www.lsp.es\/vitolamin\/"},{"@type":"ListItem","position":2,"name":"BLOG &#8211; SUE\u00d1O"}]},{"@type":"WebSite","@id":"https:\/\/www.lsp.es\/vitolamin\/#website","url":"https:\/\/www.lsp.es\/vitolamin\/","name":"Laboratorios Serra P\u00e0mies","description":"","potentialAction":[{"@type":"SearchAction","target":{"@type":"EntryPoint","urlTemplate":"https:\/\/www.lsp.es\/vitolamin\/?s={search_term_string}"},"query-input":{"@type":"PropertyValueSpecification","valueRequired":true,"valueName":"search_term_string"}}],"inLanguage":"es"}]}},"_links":{"self":[{"href":"https:\/\/www.lsp.es\/vitolamin\/wp-json\/wp\/v2\/pages\/680","targetHints":{"allow":["GET"]}}],"collection":[{"href":"https:\/\/www.lsp.es\/vitolamin\/wp-json\/wp\/v2\/pages"}],"about":[{"href":"https:\/\/www.lsp.es\/vitolamin\/wp-json\/wp\/v2\/types\/page"}],"author":[{"embeddable":true,"href":"https:\/\/www.lsp.es\/vitolamin\/wp-json\/wp\/v2\/users\/1"}],"replies":[{"embeddable":true,"href":"https:\/\/www.lsp.es\/vitolamin\/wp-json\/wp\/v2\/comments?post=680"}],"version-history":[{"count":6,"href":"https:\/\/www.lsp.es\/vitolamin\/wp-json\/wp\/v2\/pages\/680\/revisions"}],"predecessor-version":[{"id":692,"href":"https:\/\/www.lsp.es\/vitolamin\/wp-json\/wp\/v2\/pages\/680\/revisions\/692"}],"wp:attachment":[{"href":"https:\/\/www.lsp.es\/vitolamin\/wp-json\/wp\/v2\/media?parent=680"}],"curies":[{"name":"wp","href":"https:\/\/api.w.org\/{rel}","templated":true}]}}