{"id":720,"date":"2024-03-27T15:24:32","date_gmt":"2024-03-27T14:24:32","guid":{"rendered":"https:\/\/www.lsp.es\/vitolamin\/?page_id=720"},"modified":"2024-04-12T12:20:14","modified_gmt":"2024-04-12T10:20:14","slug":"blog-salud","status":"publish","type":"page","link":"https:\/\/www.lsp.es\/vitolamin\/blog-salud\/","title":{"rendered":"BLOG &#8211; SALUD"},"content":{"rendered":"\n[et_pb_section fb_built=\u00bb1&#8243; _builder_version=\u00bb4.24.0&#8243; _module_preset=\u00bbdefault\u00bb global_colors_info=\u00bb{}\u00bb][et_pb_row _builder_version=\u00bb4.24.0&#8243; _module_preset=\u00bbdefault\u00bb min_height=\u00bb457.4px\u00bb custom_padding=\u00bb||0px|||\u00bb global_colors_info=\u00bb{}\u00bb][et_pb_column type=\u00bb4_4&#8243; _builder_version=\u00bb4.24.0&#8243; _module_preset=\u00bbdefault\u00bb global_colors_info=\u00bb{}\u00bb][et_pb_slider _builder_version=\u00bb4.24.0&#8243; _module_preset=\u00bbdefault\u00bb background_image=\u00bbhttps:\/\/www.lsp.es\/vitolamin\/wp-content\/uploads\/2024\/03\/MULTIVITAMINAS-familia-scaled.jpg\u00bb background_position=\u00bbcenter_right\u00bb background_horizontal_offset=\u00bb100%\u00bb min_height=\u00bb457.4px\u00bb custom_margin=\u00bb||115px|||\u00bb custom_padding=\u00bb1px|||||\u00bb hover_enabled=\u00bb0&#8243; global_colors_info=\u00bb{}\u00bb header_text_color=\u00bb#008665&#8243; sticky_enabled=\u00bb0&#8243;][et_pb_slide heading=\u00bbTu salud es el bienestar de tu familia\u00bb button_text=\u00bbClics\u00bb _builder_version=\u00bb4.24.0&#8243; _module_preset=\u00bbdefault\u00bb global_colors_info=\u00bb{}\u00bb sticky_transition=\u00bbon\u00bb]<p><span style=\"color: #3f3f3f;\">Llevar una alimentaci\u00f3n equilibrada, practicar ejercicio de forma habitual y mantener una buena higiene, son pr\u00e1cticas que nos ayudar\u00e1n a mantenernos sanos y conseguir un bienestar familiar.<\/span><\/p>[\/et_pb_slide][et_pb_slide heading=\u00bbVitamina B12&#8243; button_text=\u00bbClics\u00bb _builder_version=\u00bb4.24.0&#8243; _module_preset=\u00bbdefault\u00bb global_colors_info=\u00bb{}\u00bb sticky_transition=\u00bbon\u00bb]<p><span style=\"color: #7f7f7f;\">La VITAMINA B12 contribuye al metabolismo energ\u00e9tico normal, al sistema inmunol\u00f3gico y a la funci\u00f3n nerviosa normal<\/span><\/p>[\/et_pb_slide][\/et_pb_slider][\/et_pb_column][\/et_pb_row][et_pb_row column_structure=\u00bb1_3,2_3&#8243; _builder_version=\u00bb4.24.0&#8243; _module_preset=\u00bbdefault\u00bb min_height=\u00bb143px\u00bb custom_margin=\u00bb1px|auto||auto||\u00bb custom_padding=\u00bb0px|||||\u00bb global_colors_info=\u00bb{}\u00bb][et_pb_column type=\u00bb1_3&#8243; _builder_version=\u00bb4.24.0&#8243; _module_preset=\u00bbdefault\u00bb global_colors_info=\u00bb{}\u00bb][et_pb_image src=\u00bbhttps:\/\/www.lsp.es\/vitolamin\/wp-content\/uploads\/2024\/01\/B0B5H9H9WT.MAIN_.jpg\u00bb title_text=\u00bbB0B5H9H9WT.MAIN\u00bb force_fullwidth=\u00bbon\u00bb _builder_version=\u00bb4.24.0&#8243; _module_preset=\u00bbdefault\u00bb global_colors_info=\u00bb{}\u00bb][\/et_pb_image][\/et_pb_column][et_pb_column type=\u00bb2_3&#8243; _builder_version=\u00bb4.24.0&#8243; _module_preset=\u00bbdefault\u00bb global_colors_info=\u00bb{}\u00bb][et_pb_text _builder_version=\u00bb4.24.0&#8243; _module_preset=\u00bbdefault\u00bb hover_enabled=\u00bb0&#8243; global_colors_info=\u00bb{}\u00bb sticky_enabled=\u00bb0&#8243;]<div class=\"entryDescription\" style=\"text-align: justify;\">\n<p class=\"cmParagraph\">Los<span>\u00a0<\/span><strong>suplementos vitam\u00ednicos<\/strong><span>\u00a0<\/span>son productos que concentran gran cantidad de nutrientes y sirven para complementar la ingesta alimentaria en situaciones especiales, pero no deben sustituir una dieta saludable.<\/p>\n<p class=\"cmParagraph\">En circunstancias normales, una alimentaci\u00f3n adecuada y equilibrada proporciona todos los<span>\u00a0<\/span><strong>nutrientes necesarios<\/strong><span>\u00a0<\/span>para el normal desarrollo y mantenimiento de un organismo sano.<\/p>\n<p class=\"cmParagraph\">Hay que aclarar que, pese a que se utilizan diferentes nombres para referirnos a estos productos, la denominaci\u00f3n legal correcta es<span>\u00a0<\/span><strong>complementos alimenticios.<\/strong><\/p>\n<p class=\"cmParagraph\">Los complementos alimenticios se deben tomar a las dosis que el especialista haya recomendado y no deben ser excedidas.<\/p>\n<h2>\u00bfCu\u00e1ndo tomar suplementos vitam\u00ednicos?<\/h2>\n<p class=\"cmParagraph\">Los complementos alimenticios s\u00f3lo est\u00e1n indicados cuando la dieta no pueda satisfacer por completo los requerimientos nutricionales.<\/p>\n<p class=\"cmParagraph\">Para llevar una buena alimentaci\u00f3n, existen instrumentos como l<strong>a pir\u00e1mide de la alimentaci\u00f3n saludable o el plato para comer saludable<\/strong>, que traducen los conocimientos cient\u00edficos en alimentos y nos ense\u00f1an de forma clara c\u00f3mo comer para cubrir nuestra demanda de nutrientes y mantener la salud.<\/p>\n<h2>\u00bfEs recomendable tomarlos?<\/h2>\n<p class=\"cmParagraph\">Su uso<strong><span>\u00a0<\/span>puede estar justificado<\/strong><span>\u00a0<\/span>en algunos grupos de poblaci\u00f3n o etapas de la vida, por ejemplo, en el caso de mujeres embarazadas, personas con poco acceso a la luz solar y bajo consumo de productos l\u00e1cteos enteros, personas vegetarianas, o con alteraciones metab\u00f3licas, o pacientes que tomen medicaci\u00f3n cr\u00f3nica que cause d\u00e9ficit de vitaminas.<\/p>\n<p class=\"cmParagraph\">Aunque estos productos son de venta libre, los sanitarios son los profesionales que tienen los conocimientos y herramientas oportunas para evaluar y orientar al paciente.<\/p>\n<h2>\u00bfExisten suplementos vitam\u00ednicos naturales?<\/h2>\n<p class=\"cmParagraph\">Los complementos alimenticios<span>\u00a0<\/span><strong>est\u00e1n regulados por la legislaci\u00f3n<\/strong>. Esto significa que su composici\u00f3n est\u00e1 determinada.<\/p>\n<p class=\"cmParagraph\">Adem\u00e1s de vitaminas y minerales, los complementos alimenticios pueden contener amino\u00e1cidos, \u00e1cidos grasos esenciales, fibra, diversas plantas y extractos de hierbas.<\/p>\n<p class=\"cmParagraph\">En el etiquetado de los suplementos vitam\u00ednicos<strong><span>\u00a0<\/span>figura obligatoriamente la denominaci\u00f3n de las categor\u00edas de nutrientes<\/strong><span>\u00a0<\/span>o sustancias que caracterizan el producto, o una indicaci\u00f3n relativa a la naturaleza de dichos nutrientes o sustancias.<\/p>\n<p class=\"cmParagraph\">Existen vitaminas y minerales obtenidos de fuentes animales o vegetales, y vitaminas y minerales de s\u00edntesis<strong>. La pureza y estructura qu\u00edmica del producto determinar\u00e1 su efectividad.<\/strong><\/p>\n<p class=\"cmParagraph\">No obstante,<strong><span>\u00a0<\/span>lo natural no significa que no tenga riesgo.<\/strong><span>\u00a0<\/span>Una ingesta de vitaminas y minerales excesiva y continuada puede ser perjudicial para la salud en algunas ocasiones, y as\u00ed lo advierte la EFSA, estableciendo unos niveles m\u00e1ximos de ingesta admisible, teniendo en cuenta todas las fuentes de la dieta.<\/p>\n<h2>\u00bfLos tiene que recetar el m\u00e9dico?<\/h2>\n<p class=\"cmParagraph\">Para tomar suplementos alimenticios<span>\u00a0<\/span><strong>no es necesaria la receta m\u00e9dica.<span>\u00a0<\/span><\/strong>. No obstante, aunque los complementos alimenticios no son medicamentos, requieren de un uso apropiado y responsable.<\/p>\n<\/div>[\/et_pb_text][\/et_pb_column][\/et_pb_row][\/et_pb_section]\n","protected":false},"excerpt":{"rendered":"<p>Llevar una alimentaci\u00f3n equilibrada, practicar ejercicio de forma habitual y mantener una buena higiene, son pr\u00e1cticas que nos ayudar\u00e1n a mantenernos sanos y conseguir un bienestar familiar.La VITAMINA B12 contribuye al metabolismo energ\u00e9tico normal, al sistema inmunol\u00f3gico y a la funci\u00f3n nerviosa normal Los\u00a0suplementos vitam\u00ednicos\u00a0son productos que concentran gran cantidad de nutrientes y sirven para [&hellip;]<\/p>\n","protected":false},"author":1,"featured_media":0,"parent":0,"menu_order":0,"comment_status":"closed","ping_status":"closed","template":"","meta":{"_et_pb_use_builder":"on","_et_pb_old_content":"","_et_gb_content_width":"","footnotes":""},"class_list":["post-720","page","type-page","status-publish","hentry"],"yoast_head":"<!-- This site is optimized with the Yoast SEO plugin v27.5 - https:\/\/yoast.com\/product\/yoast-seo-wordpress\/ -->\n<title>BLOG - SALUD - Laboratorios Serra P\u00e0mies<\/title>\n<meta name=\"description\" content=\"Una alimentaci\u00f3n equilibrada, practicar ejercicio habitualmente y una buena higiene nos mantendr\u00e1 sanos y en bienestar familiar.\" \/>\n<meta name=\"robots\" content=\"index, follow, max-snippet:-1, max-image-preview:large, max-video-preview:-1\" \/>\n<link rel=\"canonical\" href=\"https:\/\/www.lsp.es\/vitolamin\/blog-salud\/\" \/>\n<meta property=\"og:locale\" content=\"es_ES\" \/>\n<meta property=\"og:type\" content=\"article\" \/>\n<meta property=\"og:title\" content=\"BLOG - SALUD - Laboratorios Serra P\u00e0mies\" \/>\n<meta property=\"og:description\" content=\"Una alimentaci\u00f3n equilibrada, practicar ejercicio habitualmente y una buena higiene nos mantendr\u00e1 sanos y en bienestar familiar.\" \/>\n<meta property=\"og:url\" content=\"https:\/\/www.lsp.es\/vitolamin\/blog-salud\/\" \/>\n<meta property=\"og:site_name\" content=\"Laboratorios Serra P\u00e0mies\" \/>\n<meta property=\"article:modified_time\" content=\"2024-04-12T10:20:14+00:00\" \/>\n<meta name=\"twitter:card\" content=\"summary_large_image\" \/>\n<meta name=\"twitter:label1\" content=\"Tiempo de lectura\" \/>\n\t<meta name=\"twitter:data1\" content=\"3 minutos\" \/>\n<script type=\"application\/ld+json\" class=\"yoast-schema-graph\">{\"@context\":\"https:\\\/\\\/schema.org\",\"@graph\":[{\"@type\":\"WebPage\",\"@id\":\"https:\\\/\\\/www.lsp.es\\\/vitolamin\\\/blog-salud\\\/\",\"url\":\"https:\\\/\\\/www.lsp.es\\\/vitolamin\\\/blog-salud\\\/\",\"name\":\"BLOG - SALUD - Laboratorios Serra P\u00e0mies\",\"isPartOf\":{\"@id\":\"https:\\\/\\\/www.lsp.es\\\/vitolamin\\\/#website\"},\"datePublished\":\"2024-03-27T14:24:32+00:00\",\"dateModified\":\"2024-04-12T10:20:14+00:00\",\"description\":\"Una alimentaci\u00f3n equilibrada, practicar ejercicio habitualmente y una buena higiene nos mantendr\u00e1 sanos y en bienestar familiar.\",\"breadcrumb\":{\"@id\":\"https:\\\/\\\/www.lsp.es\\\/vitolamin\\\/blog-salud\\\/#breadcrumb\"},\"inLanguage\":\"es\",\"potentialAction\":[{\"@type\":\"ReadAction\",\"target\":[\"https:\\\/\\\/www.lsp.es\\\/vitolamin\\\/blog-salud\\\/\"]}]},{\"@type\":\"BreadcrumbList\",\"@id\":\"https:\\\/\\\/www.lsp.es\\\/vitolamin\\\/blog-salud\\\/#breadcrumb\",\"itemListElement\":[{\"@type\":\"ListItem\",\"position\":1,\"name\":\"Portada\",\"item\":\"https:\\\/\\\/www.lsp.es\\\/vitolamin\\\/\"},{\"@type\":\"ListItem\",\"position\":2,\"name\":\"BLOG &#8211; SALUD\"}]},{\"@type\":\"WebSite\",\"@id\":\"https:\\\/\\\/www.lsp.es\\\/vitolamin\\\/#website\",\"url\":\"https:\\\/\\\/www.lsp.es\\\/vitolamin\\\/\",\"name\":\"Laboratorios Serra P\u00e0mies\",\"description\":\"\",\"potentialAction\":[{\"@type\":\"SearchAction\",\"target\":{\"@type\":\"EntryPoint\",\"urlTemplate\":\"https:\\\/\\\/www.lsp.es\\\/vitolamin\\\/?s={search_term_string}\"},\"query-input\":{\"@type\":\"PropertyValueSpecification\",\"valueRequired\":true,\"valueName\":\"search_term_string\"}}],\"inLanguage\":\"es\"}]}<\/script>\n<!-- \/ Yoast SEO plugin. -->","yoast_head_json":{"title":"BLOG - SALUD - Laboratorios Serra P\u00e0mies","description":"Una alimentaci\u00f3n equilibrada, practicar ejercicio habitualmente y una buena higiene nos mantendr\u00e1 sanos y en bienestar familiar.","robots":{"index":"index","follow":"follow","max-snippet":"max-snippet:-1","max-image-preview":"max-image-preview:large","max-video-preview":"max-video-preview:-1"},"canonical":"https:\/\/www.lsp.es\/vitolamin\/blog-salud\/","og_locale":"es_ES","og_type":"article","og_title":"BLOG - SALUD - Laboratorios Serra P\u00e0mies","og_description":"Una alimentaci\u00f3n equilibrada, practicar ejercicio habitualmente y una buena higiene nos mantendr\u00e1 sanos y en bienestar familiar.","og_url":"https:\/\/www.lsp.es\/vitolamin\/blog-salud\/","og_site_name":"Laboratorios Serra P\u00e0mies","article_modified_time":"2024-04-12T10:20:14+00:00","twitter_card":"summary_large_image","twitter_misc":{"Tiempo de lectura":"3 minutos"},"schema":{"@context":"https:\/\/schema.org","@graph":[{"@type":"WebPage","@id":"https:\/\/www.lsp.es\/vitolamin\/blog-salud\/","url":"https:\/\/www.lsp.es\/vitolamin\/blog-salud\/","name":"BLOG - SALUD - Laboratorios Serra P\u00e0mies","isPartOf":{"@id":"https:\/\/www.lsp.es\/vitolamin\/#website"},"datePublished":"2024-03-27T14:24:32+00:00","dateModified":"2024-04-12T10:20:14+00:00","description":"Una alimentaci\u00f3n equilibrada, practicar ejercicio habitualmente y una buena higiene nos mantendr\u00e1 sanos y en bienestar familiar.","breadcrumb":{"@id":"https:\/\/www.lsp.es\/vitolamin\/blog-salud\/#breadcrumb"},"inLanguage":"es","potentialAction":[{"@type":"ReadAction","target":["https:\/\/www.lsp.es\/vitolamin\/blog-salud\/"]}]},{"@type":"BreadcrumbList","@id":"https:\/\/www.lsp.es\/vitolamin\/blog-salud\/#breadcrumb","itemListElement":[{"@type":"ListItem","position":1,"name":"Portada","item":"https:\/\/www.lsp.es\/vitolamin\/"},{"@type":"ListItem","position":2,"name":"BLOG &#8211; SALUD"}]},{"@type":"WebSite","@id":"https:\/\/www.lsp.es\/vitolamin\/#website","url":"https:\/\/www.lsp.es\/vitolamin\/","name":"Laboratorios Serra P\u00e0mies","description":"","potentialAction":[{"@type":"SearchAction","target":{"@type":"EntryPoint","urlTemplate":"https:\/\/www.lsp.es\/vitolamin\/?s={search_term_string}"},"query-input":{"@type":"PropertyValueSpecification","valueRequired":true,"valueName":"search_term_string"}}],"inLanguage":"es"}]}},"_links":{"self":[{"href":"https:\/\/www.lsp.es\/vitolamin\/wp-json\/wp\/v2\/pages\/720","targetHints":{"allow":["GET"]}}],"collection":[{"href":"https:\/\/www.lsp.es\/vitolamin\/wp-json\/wp\/v2\/pages"}],"about":[{"href":"https:\/\/www.lsp.es\/vitolamin\/wp-json\/wp\/v2\/types\/page"}],"author":[{"embeddable":true,"href":"https:\/\/www.lsp.es\/vitolamin\/wp-json\/wp\/v2\/users\/1"}],"replies":[{"embeddable":true,"href":"https:\/\/www.lsp.es\/vitolamin\/wp-json\/wp\/v2\/comments?post=720"}],"version-history":[{"count":6,"href":"https:\/\/www.lsp.es\/vitolamin\/wp-json\/wp\/v2\/pages\/720\/revisions"}],"predecessor-version":[{"id":735,"href":"https:\/\/www.lsp.es\/vitolamin\/wp-json\/wp\/v2\/pages\/720\/revisions\/735"}],"wp:attachment":[{"href":"https:\/\/www.lsp.es\/vitolamin\/wp-json\/wp\/v2\/media?parent=720"}],"curies":[{"name":"wp","href":"https:\/\/api.w.org\/{rel}","templated":true}]}}